56327?
3, 17, 47, 691
What are the prime factors of 1379471730?
2, 3, 5, 7, 13, 505301
List the prime factors of 2015972384.
2, 149, 563, 751
List the prime factors of 3857750542.
2, 1928875271
What are the prime factors of 118500118?
2, 11, 89, 60521
What are the prime factors of 50898493?
17, 67, 44687
List the prime factors of 516811230.
2, 3, 5, 13, 31, 14249
What are the prime factors of 87505303?
173, 505811
List the prime factors of 717493813.
15101, 47513
What are the prime factors of 71445313?
937, 76249
What are the prime factors of 4147006489?
269, 587, 26263
What are the prime factors of 46768458?
2, 3, 11, 631, 1123
What are the prime factors of 56530256?
2, 3533141
List the prime factors of 38136210.
2, 3, 5, 7, 25943
List the prime factors of 275880906.
2, 3, 7, 23, 4139
List the prime factors of 74932244.
2, 18733061
List the prime factors of 4525000801.
61, 619, 119839
What are the prime factors of 32862799?
19, 1729621
List the prime factors of 802881727.
19, 89, 491, 967
What are the prime factors of 38715697?
38715697
List the prime factors of 940979274.
2, 3, 17, 41, 223, 1009
List the prime factors of 646042416.
2, 3, 3061, 4397
What are the prime factors of 66813179?
17, 47, 83621
List the prime factors of 357797728.
2, 83, 107, 1259
What are the prime factors of 6045975608?
2, 17, 313, 142031
What are the prime factors of 200613585?
3, 5, 2441, 5479
What are the prime factors of 15505834?
2, 61, 149, 853
What are the prime factors of 2395179?
3, 41, 6491
List the prime factors of 136039458.
2, 3, 2153, 10531
List the prime factors of 2094835884.
2, 3, 7547, 23131
What are the prime factors of 417937502?
2, 29, 7205819
List the prime factors of 112023834.
2, 3, 13, 1436203
List the prime factors of 185347811.
11, 877, 19213
List the prime factors of 15027839.
31, 484769
List the prime factors of 109658783.
13, 8435291
List the prime factors of 2213771.
7, 45179
List the prime factors of 306398592.
2, 3, 88657
What are the prime factors of 238963566?
2, 3, 1861, 21401
List the prime factors of 764740676.
2, 7, 27312167
What are the prime factors of 70974710?
2, 5, 7097471
List the prime factors of 1548111.
3, 73, 7069
List the prime factors of 3084135611.
45289, 68099
List the prime factors of 54663280.
2, 5, 7, 97613
List the prime factors of 2210599.
23, 223, 431
List the prime factors of 7262137.
563, 12899
List the prime factors of 6153106147.
83, 193, 384113
List the prime factors of 770728825.
5, 19, 1622587
What are the prime factors of 129888023?
129888023
List the prime factors of 1185192332.
2, 17, 17429299
What are the prime factors of 349851879?
3, 13, 47, 7069
What are the prime factors of 419722156?
2, 7, 2909, 5153
List the prime factors of 84386221.
84386221
What are the prime factors of 41033336?
2, 31, 165457
List the prime factors of 27717087.
3, 1021, 9049
What are the prime factors of 46772553?
3, 53, 294167
What are the prime factors of 75172141?
11, 1153, 5927
What are the prime factors of 25749126?
2, 3, 13, 110039
What are the prime factors of 4670471604?
2, 3, 2141, 181787
What are the prime factors of 239357273?
223, 1073351
What are the prime factors of 6366659?
13, 489743
List the prime factors of 13393166.
2, 67, 127, 787
List the prime factors of 4876994150.
2, 5, 7, 13934269
What are the prime factors of 254429625?
3, 5, 678479
List the prime factors of 43234859.
17, 797, 3191
List the prime factors of 1373645730.
2, 3, 5, 17, 863, 3121
What are the prime factors of 1304484935?
5, 13, 20068999
List the prime factors of 118287255.
3, 5, 19, 41, 53, 191
List the prime factors of 619704752.
2, 38731547
What are the prime factors of 1241839517?
89, 359, 38867
List the prime factors of 223344568.
2, 4567, 6113
List the prime factors of 3931716970.
2, 5, 9227, 42611
What are the prime factors of 2895424588?
2, 7, 71, 1456451
List the prime factors of 324744834.
2, 3, 997, 54287
List the prime factors of 249584741.
7, 19, 701, 2677
What are the prime factors of 20293978?
2, 613, 16553
What are the prime factors of 275977234?
2, 13, 10614509
What are the prime factors of 95391234?
2, 3, 5299513
What are the prime factors of 2595139348?
2, 61, 10635817
List the prime factors of 407974962.
2, 3, 5701, 11927
What are the prime factors of 87560248?
2, 47, 59, 3947
List the prime factors of 1363449564.
2, 3, 31, 449, 907
List the prime factors of 230771131.
19, 12145849
List the prime factors of 549076052.
2, 7, 19609859
What are the prime factors of 1224559853?
11, 111323623
List the prime factors of 1576640156.
2, 7, 13, 23, 188323
List the prime factors of 1128547633.
1499, 752867
List the prime factors of 226899585.
3, 5, 11, 367, 1249
List the prime factors of 45147042.
2, 3, 787, 3187
What are the prime factors of 209075336?
2, 23, 421, 2699
What are the prime factors of 8098228648?
2, 1993, 507917
List the prime factors of 9213694.
2, 7, 17, 38713
What are the prime factors of 56876098?
2, 137, 251, 827
List the prime factors of 306833202.
2, 3, 13, 23, 47, 1213
List the prime factors of 37521192.
2, 3, 229, 6827
List the prime factors of 60151936.
2, 13, 37, 977
What are the prime factors of 22332824?
2, 43, 64921
What are the prime factors of 84240561?
3, 2131, 13177
What are the prime factors of 405302130?
2, 3, 5, 53, 1049
List the prime factors of 2755344.
2, 3, 137, 419
List the prime factors of 553351168.
2, 270191
What are the prime factors of 1800094945?
5, 11, 1289, 25391
What are the prime factors of 307753394?
2, 13, 29, 31397
List the prime factors of 117443383.
379, 309877
What are the prime factors of 57439667?
57439667
What are the prime factors of 24709128?
2, 3, 1029547
What are the prime factors of 1586679662?
2, 61, 67, 194113
What are the prime factors of 428376242?
2, 7, 19, 23, 70019
List the prime factors of 3270796370.
2, 5, 327079637
List the prime factors of 165804033.
3, 23, 271, 8867
What are the prime factors of 105022168?
2, 43, 305297
What are the prime factors of 14050778?
2, 7, 1003627
What are the prime factors of 36628305?
3, 5, 7, 23, 29, 523
List the prime factors of 55536058.
2, 41, 71, 9539
What are the prime factors of 52903656?
2, 3, 13, 29, 1949
List the prime factors of 59481849.
3, 7, 181, 15649
What are the prime factors of 75047587?
19, 59, 66947
List the prime factors of 51673264.
2, 3229579
What are the prime factors of 1655496587?
37, 79, 293, 1933
List the prime factors of 86644933.
23, 271, 13901
List the prime factors of 233468731.
14347, 16273
List the prime factors of 430012621.
14731, 29191
What are the prime factors of 932774411?
17, 5839, 9397
What are the prime factors of 13662461?
73, 211, 887
List the prime factors of 512442496.
2, 863, 4639
What are the prime factors of 1006659845?
5, 17, 11843057
List the prime factors of 3569419455.
3, 5, 7, 127, 38239
What are the prime factors of 16929046?
2, 89, 95107
What are the prime factors of 1523139367?
1451, 1049717
What are the prime factors of 7505493034?
2, 13, 2767, 104327
List the prime factors of 329372476.
2, 82343119
List the prime factors of 186072894.
2, 3, 7, 210967
What are the prime factors of 73665416?
2, 11, 837107
What are the prime factors of 282495619?
7, 73, 7573
List the prime factors of 126551478.
2, 3, 21091913
List the prime factors of 475268238.
2, 3, 26403791
What are the prime factors of 2477424458?
2, 31, 39958459
List the prime factors of 20881142.
2, 10440571
List the prime factors of 265631590.
2, 5, 7, 19, 29, 71, 97
What are the prime factors of 184771216?
2, 7, 1649743
List the prime factors of 15121529.
271, 55799
What are the prime factors of 884596197?
3, 41, 61, 117899
List the prime factors of 4000539706.
2, 24499, 81647
List the prime factors of 735239495.
5, 147047899
What are the prime factors of 16313106?
2, 3, 2718851
List the prime factors of 585421580.
2, 5, 503, 58193
What are the prime factors of 45541881?
3, 7, 11, 65717
List the prime factors of 234367619.
234367619
What are the prime factors of 2638195796?
2, 17, 179, 216743
What are the prime factors of 573967851?
3, 191322617
What are the prime factors of 5841878449?
11, 769, 690611
What are the prime factors of 956022362?
2, 478011181
What are the prime factors of 3373317729?
3, 29, 